{"id":716,"date":"2020-07-23T22:18:15","date_gmt":"2020-07-24T03:18:15","guid":{"rendered":"https:\/\/2020.colombia.wordcamp.org\/?page_id=716"},"modified":"2020-09-12T16:34:16","modified_gmt":"2020-09-12T21:34:16","slug":"reserva-tu-silla","status":"publish","type":"page","link":"https:\/\/colombia.wordcamp.org\/2020\/reserva-tu-silla\/","title":{"rendered":"Reserva tu silla"},"content":{"rendered":"\n<div class=\"wp-block-columns is-layout-flex wp-container-core-columns-is-layout-8f761849 wp-block-columns-is-layout-flex\">\n<div class=\"wp-block-column is-layout-flow wp-block-column-is-layout-flow\" style=\"flex-basis:66.66%\">\n<p class=\"wp-block-paragraph\">Estamos alistando todo para la&nbsp;<strong>WordCamp Colombia 2020.<\/strong><\/p>\n\n\n\n<p class=\"wp-block-paragraph\">Este&nbsp;<strong>10, 11 y 12 de septiembre<\/strong>&nbsp;transmitiremos por&nbsp;<strong>dos salas virtuales en vivo y en simult\u00e1neo<\/strong>&nbsp;una completa programaci\u00f3n con<strong>&nbsp;<\/strong>las mejores<strong> charlas, paneles, demos, talleres y otras actividades inspiradoras<\/strong>.<\/p>\n\n\n\n<p class=\"wp-block-paragraph\">T\u00fa puedes viajar con nosotros con tan solo reservar tu silla.<\/p>\n\n\n\n<p class=\"has-text-align-center wp-block-paragraph\"><a href=\"#tix\" data-type=\"internal\" data-id=\"#tix\">\u00a1Hagamos que suceda!<\/a><\/p>\n<\/div>\n\n\n\n<div class=\"wp-block-column is-layout-flow wp-block-column-is-layout-flow\" style=\"flex-basis:33.33%\">\n<h3 class=\"wp-block-heading\">10, 11 y 12 de septiembre de 2020.<\/h3>\n\n\n\n<h3 class=\"wp-block-heading\"><span style=\"color:#666666\" class=\"has-inline-color\">Una WordCamp es como un buen viaje: te permite descubrir posibilidades, alternativas y nuevas formas de conectarte con una comunidad.<\/span><\/h3>\n<\/div>\n<\/div>\n\n\n\n<h2 class=\"wp-block-heading\">Haz parte de la tripulaci\u00f3n de este viaje<\/h2>\n\n\n<a href=\"https:\/\/colombia.wordcamp.org\/2020\/reserva-tu-silla\/\">Por favor, ve esta p\u00e1gina en un navegador para hacer una compra o gestionar entradas.<\/a>\n","protected":false},"excerpt":{"rendered":"<p>Estamos alistando todo para la&nbsp;WordCamp Colombia 2020. Este&nbsp;10, 11 y 12 de septiembre&nbsp;transmitiremos por&nbsp;dos salas virtuales en vivo y en simult\u00e1neo&nbsp;una completa programaci\u00f3n con&nbsp;las mejores charlas, paneles, demos, talleres y otras actividades inspiradoras. T\u00fa puedes viajar con nosotros con tan solo reservar tu silla. \u00a1Hagamos que suceda! 10, 11 y 12 de septiembre de 2020. &hellip; <a href=\"https:\/\/colombia.wordcamp.org\/2020\/reserva-tu-silla\/\" class=\"more-link\">Sigue leyendo<span class=\"screen-reader-text\"> \u00abReserva tu silla\u00bb<\/span><\/a><\/p>\n","protected":false},"author":14911570,"featured_media":0,"parent":0,"menu_order":0,"comment_status":"closed","ping_status":"closed","template":"","meta":{"_crdt_document":"","jetpack_post_was_ever_published":false,"footnotes":""},"class_list":["post-716","page","type-page","status-publish","hentry"],"jetpack_shortlink":"https:\/\/wp.me\/Pc0yFd-by","jetpack_sharing_enabled":true,"jetpack_likes_enabled":true,"_links":{"self":[{"href":"https:\/\/colombia.wordcamp.org\/2020\/wp-json\/wp\/v2\/pages\/716","targetHints":{"allow":["GET"]}}],"collection":[{"href":"https:\/\/colombia.wordcamp.org\/2020\/wp-json\/wp\/v2\/pages"}],"about":[{"href":"https:\/\/colombia.wordcamp.org\/2020\/wp-json\/wp\/v2\/types\/page"}],"author":[{"embeddable":true,"href":"https:\/\/colombia.wordcamp.org\/2020\/wp-json\/wp\/v2\/users\/14911570"}],"replies":[{"embeddable":true,"href":"https:\/\/colombia.wordcamp.org\/2020\/wp-json\/wp\/v2\/comments?post=716"}],"version-history":[{"count":12,"href":"https:\/\/colombia.wordcamp.org\/2020\/wp-json\/wp\/v2\/pages\/716\/revisions"}],"predecessor-version":[{"id":1663,"href":"https:\/\/colombia.wordcamp.org\/2020\/wp-json\/wp\/v2\/pages\/716\/revisions\/1663"}],"wp:attachment":[{"href":"https:\/\/colombia.wordcamp.org\/2020\/wp-json\/wp\/v2\/media?parent=716"}],"curies":[{"name":"wp","href":"https:\/\/api.w.org\/{rel}","templated":true}]}}